hat is the units digit of w(-3)?
2
Let q = -1 + -1. Let y be 12*((-4 - q) + 4). Suppose 3*t + y = 2*k, -5*t + 28 = 4*k - t. What is the units digit of k?
9
Let b(x) = 17*x**3 - x. Let q be b(1). Let s be (9/(-6))/(3/16). Let v = s + q. What is the units digit of v?
8
Suppose 8*o - 61 = 3*o - 3*u, 2*o - 3*u - 16 = 0. What is the tens digit of o?
1
What is the units digit of (5 + 12)*2/((-4)/(-2))?
7
Let n(s) = 7*s**2 - 2*s. Let f be n(-4). Suppose 0 = -5*z - 25, -w + 6*w - f = -z. What is the tens digit of w?
2
Let q(y) = 2*y**2 + 2. Let z be 86/7 - 6/21. Let t be 2/(-2) + z/3. What is the units digit of q(t)?
0
What is the hundreds digit of (-2)/4*(5 - 499 - 2)?
2
Let v(w) = 129*w**2 + 1. Let k be v(1). Suppose -u = 4*u - k. What is the units digit of u?
6
Let z be ((-24)/9 - -2)*3. Let i = -6 - z. Let v = 7 + i. What is the units digit of v?
3
Let w(s) = 3*s**2 + 6*s - 2. What is the tens digit of w(-9)?
8
Let g be 144/(-14) + (-4)/(-14). Let p(l) = l**3 + 2*l**2 - 3*l - 4. Let y be p(-3). What is the units digit of (16/10)/(y/g)?
4
Suppose 49 = 5*j + 2*k, -3*j + 4*k = -j - 34. Let i(s) = -s + 20. What is the units digit of i(j)?
9
What is the units digit of (-124)/(-3 + 2 + -1)?
2
Let o = -27 + 48. Let j = -10 + o. What is the units digit of j?
1
Suppose -68 = -4*f + 3*r, -2*f + r + r = -34. What is the units digit of f?
7
Let c = 40 + -21. What is the tens digit of c?
1
Let c = -6 - -7. Let s be c/(-2) - 82/4. What is the units digit of s/9*(3 + -6)?
7
Let p(v) be the first derivative of -6*v**2 + 2*v - 1. Let l be p(-3). Suppose 2*y = -4*h + l, 0 = -5*h + 3*y + 2*y + 25. What is the units digit of h?
8
Let d = -3 + 7. Suppose 3*q - d*q = 7. Let o = 5 - q. What is the tens digit of o?
1
Let r be (-6)/(3/52*-2). Suppose -2*g - 2*g + r = 4*t, -2*t = 5*g - 56. What is the tens digit of g?
1
Let t(w) = w**2 - 4*w + 9. Let z be t(6). Let n be -3 + z - 2/1. Suppose -5*i = 3*a - n - 12, -2*a + 4*i = -26. What is the units digit of a?
1
Suppose -l = -6*l + 360. What is the tens digit of l?
7
Suppose 3*k - 98 = -4*y + k, -3*k = 4*y - 101. What is the units digit of y?
3
Let x(h) = -35*h + 2. Let y be (8/16)/(2/(-4)). What is the units digit of x(y)?
7
Let t be (-1)/(-4)*-2*42. What is the units digit of ((-20)/7)/(6/t)?
0
Suppose -5*z + 3*v = -3, 0*v = -2*v - 2. Suppose -28 = -2*u - z*u. What is the units digit of u?
4
What is the units digit of (-2)/(-6) + ((-68)/(-6))/2?
6
Suppose 3*y + 2*n = 5*n + 15, y - 9 = 2*n. Let a be -3 + (4 - (y + -1)). Let m = 2 - a. What is the units digit of m?
1
Let u = 3 - -1. Suppose 3*d = u*d - 28. What is the units digit of d?
8
Let t = -7 - -15. Suppose -106 = -t*o + 6*o. What is the units digit of o?
3
Suppose 0 = -2*i + q - 13, 2*i = -5*q - 7. Let l be i/(-24) - (-15)/4. Suppose l*x - u - 49 = 0, -2*u = 2 - 0. What is the tens digit of x?
1
Suppose a = -0*a + 27. What is the tens digit of a?
2
Let h be 2/(-8) + (-231)/(-44). Suppose -h*n = -9 - 6. What is the units digit of n?
3
Let n = -29 - -172. What is the tens digit of n?
4
Suppose 4*w = k - 0*k - 61, 143 = 3*k - 2*w. What is the units digit of k?
5
Let b = 45 + -15. What is the units digit of 8/10*b/12?
2
Let z(m) = m**2 + 5*m - 12. What is the tens digit of z(-9)?
2
Let y(x) = -x**2 + 3*x + 7. Let l be y(5). Let d = 5 + l. Suppose -2*k - 32 = -4*u, d*u - 4*k - 16 = -0*u. What is the units digit of u?
8
Let m(d) = -34*d + 1. Let q be m(-1). Suppose -3*x = 4*c - q, 3*x + 3*c - 2*c = 29. What is the units digit of x?
9
Let r(c) = 2*c**2 - 6*c. Let l be r(6). Suppose 0 = 4*k + 2*z - 45 - 43, 2*k + 5*z = l. What is the tens digit of k?
2
Suppose 5*q - 2*q + 2*b = 23, 5*q = -2*b + 33. Suppose 2*x = x + q. Suppose -l = -x*l + 16. What is the units digit of l?
4
Let g(o) = o**2 + o + 1. Let a(w) = -w**2 + 7*w - 2. Let c(f) = a(f) + 2*g(f). Let t be c(-9). Suppose -4*u + 0*u + 24 = t. What is the units digit of u?
6
What is the units digit of 3/((-24)/(-22) + -1)?
3
Suppose 0 = -4*g - 2*b, -4*b - 14 = 4*g - 9*b. What is the units digit of g*5*(-16)/20?
4
Let v = 36 + -13. Suppose 4*a + v = 59. What is the units digit of a?
9
Suppose -3*j + 3*d = 18, d = -4*j - 4*d + 12. What is the units digit of ((-2)/3)/(j/21)?
7
Suppose 100 = 6*n - n. What is the units digit of n?
0
Suppose -27*x = -23*x - 8. Suppose -3*k + 0*y = -x*y - 138, 4*k + 5*y - 161 = 0. What is the units digit of k?
4
Suppose 300 = 15*f - 11*f. What is the units digit of f?
5
Let o(m) = m + 1. What is the units digit of o(10)?
1
Let t be (-168)/10*(-8 + 3). Suppose 2*f = -1 + 3, -4*f + t = -5*h. What is the tens digit of (30/(-8))/(4/h)?
1
Let c = 227 + -58. What is the units digit of c?
9
What is the tens digit of ((-3)/(-4))/((-54)/(-6408))?
8
Suppose -56 = -4*g - 0*g. Let z = g - 20. What is the units digit of z/(-9) + (-1)/(-3)?
1
Let s(g) = -g**3 - 19*g**2 - 19*g - 33. What is the hundreds digit of s(-19)?
3
What is the tens digit of (27/(-27))/((-1)/323 - 0)?
2
Let d = 27 - 7. Suppose -3*m = 2*l - d, 2*m + 4*l = m. What is the units digit of m?
8
Suppose 0*k - 2*k = -66. What is the units digit of k?
3
Let f be 7 + -16 - -2*1. Let n(o) = -o**3 - 6*o**2 + 7*o + 3. What is the units digit of n(f)?
3
What is the units digit of (0 - -28)*(-6)/(-6)?
8
Suppose 0 = -4*z + 202 + 102. Suppose 2*y + z = 4*v, -3*y = -3*v - 0*y + 51. What is the tens digit of v?
2
Suppose 5*l - 2*v - 80 + 20 = 0, -5*l + 4*v + 60 = 0. Suppose -5*s - 2*h = -120, -13 = 5*h + l. What is the units digit of s?
6
Suppose 2*t = -5*d + 90, -4*t - d + 43 = -155. What is the tens digit of t?
5
Let s(p) = -p**2 + 32*p - 37. What is the units digit of s(13)?
0
Let n = -29 + 39. What is the tens digit of n?
1
Suppose -20 - 31 = -3*c. Suppose -3*g - 3*t = t - c, -3*t = -5*g + 9. Suppose 7*p = g*p + 32. What is the units digit of p?
8
Let j(a) = -a - 1. Let c be j(-3). What is the units digit of (c - 3)/((-2)/4)?
2
Let k(w) = 5*w**2 - w - 3. What is the units digit of k(3)?
9
Suppose 3*d = 4*d - 2. Let v be (1 + -3)*(-5)/d. Suppose -4*r = v*x - 3*x - 6, 0 = -4*r + 4. What is the units digit of x?
1
Let f be (-2)/6*(-6)/1. What is the units digit of -1 - ((f - 5) + -2)?
4
Suppose -5*p + 41 = -404. Suppose -31 = -5*o + p. What is the tens digit of o?
2
Suppose -9 = q - 2*q. Let p(x) = x**2 - 8*x - 6. What is the units digit of p(q)?
3
Let l = 13 + 6. What is the units digit of l?
9
Let d = 25 + 112. What is the hundreds digit of d?
1
What is the units digit of (-378)/(-22) + (-8)/44?
7
What is the units digit of ((-33)/12)/((-6)/192)?
8
Suppose -p + 124 = 32. What is the tens digit of p?
9
Let h = 504 + -305. What is the hundreds digit of h?
1
Let o = -7 + 9. Suppose -o*s - 2*s + 8 = 0. What is the units digit of s?
2
Let b(f) = 11*f - 20. Let d(i) = -4*i + 7. Let q(v) = 6*b(v) + 17*d(v). What is the tens digit of q(-8)?
1
Let u be (-8)/(-10)*(-10)/(-4). Suppose a - u*a = -7. Suppose -4*h + 4 = -0, -a = -2*r - h. What is the units digit of r?
3
Let t(r) = -r**3 + 8*r**2 - 3*r + 3. What is the tens digit of t(7)?
3
Let y be 3/((-9)/3)*7. Let q(t) = -t - 3. Let z be q(y). What is the units digit of (z*2)/2 + -2?
2
Suppose -5 = -2*a - 0*n - n, -4*n + 20 = 0. Suppose 3*u - 29 = -2*l, -4*u - 6*l + 2*l + 44 = a. Let v = -2 + u. What is the units digit of v?
5
Let p = -10 - -8. What is the units digit of (-4 + 6)*p/(-1)?
4
Let r be 6/12*-1*8. Let o = 0 + r. What is the units digit of (o + 1)/(9/(-24))?
8
Suppose -14 = -4*a + 2. Suppose -3*s + a*s - 24 = 0. What is the units digit of s?
4
Let f be 4 + 0/(3 - 1). Suppose -2*v + 31 = f*i - 29, -5*v + 4*i + 108 = 0. What is the tens digit of v?
2
Suppose 363 = 2*w + 9*w. What is the tens digit of w?
3
Suppose 4*p - 68 - 19 = -q, 2*p + 2*q - 48 = 0. What is the tens digit of p?
2
Suppose 0 = 3*y - 3*d, 2*y + 5 = 4*d - 5. Suppose -y*o = -l - 4, o = -l - 3*l - 37. Let f = l + 18. What is the units digit of f?
9
Let g(k) = k**2 - 14*k + 17. Let w(u) = -3*u - 4. Let z be w(-6). What is the units digit of g(z)?
7
Let u = -21 - -13. Let q(j) = j**2 + 9*j + 11. What is the units digit of q(u)?
3
Suppose -4*l + 368 = -468. What is the hundreds digit of l?
2
Suppose -m + 11 = p - 159, -5*m = -2*p - 878. What is the tens digit of m?
7
Let v(g) = g**2 + 2*g - 3. Let b be v(2). Suppose 5*a - 17 = 2*o, -5*o = -5